
{"id":8819,"date":"2018-10-18T07:42:18","date_gmt":"2018-10-18T07:42:18","guid":{"rendered":"http:\/\/www.dfi-geisler.com\/?page_id=8819"},"modified":"2025-07-08T14:18:12","modified_gmt":"2025-07-08T13:18:12","slug":"kompaktlaminat","status":"publish","type":"page","link":"https:\/\/www.dfi-geisler.com\/NO\/kompaktlaminat\/","title":{"rendered":"Kompaktlaminat"},"content":{"rendered":"<div class=\"wpb-content-wrapper\"><p>[vc_row first_background_type=&raquo;gradient&raquo; first_background_gradient=&raquo;#83bae3||#a672c9||0;100||180||linear&raquo;][vc_column width=&raquo;1\/4&#8243;][vc_wp_custommenu nav_menu=&raquo;172&#8243;][\/vc_column][vc_column width=&raquo;3\/4&#8243;][vc_column_text]<\/p>\n<h2>Kompaktlaminat<\/h2>\n<p>[\/vc_column_text][vc_column_text css=&raquo;&raquo;]<\/p>\n<h5><strong>Et godt valg<\/strong>, hvis du gjerne vil ha et kj\u00f8kken med et lett og m\u00f8belaktig utseende. Den 12 mm tynne platen egner seg for eksempel utrolig godt til \u00e5 bli montert \u00absvevende\u00bb over kj\u00f8kkenelementene for ytterligere \u00e5 understreke et stilrent og distinkt uttrykk. Dessuten er kompaktlaminat et n\u00e6rmest uforgjengelig materiale. Du vil derfor ha glede av det i riktig mange \u00e5r \u2013 b\u00e5de \u00e5 se p\u00e5 og bruke i ditt daglige kj\u00f8kkenliv.<\/h5>\n<p>[\/vc_column_text][\/vc_column][\/vc_row][vc_row][vc_column][vc_separator color=&raquo;black&raquo; border_width=&raquo;2&#8243;][\/vc_column][\/vc_row][vc_row css=&raquo;.vc_custom_1534410440830{margin-top: 40px !important;}&raquo;][vc_column width=&raquo;1\/2&#8243;][vc_column_text]<\/p>\n<h4>Hva er Kompaktlaminat?<\/h4>\n<p>[\/vc_column_text][vc_column_text css=&raquo;&raquo;]Kompaktlaminat er laget av papir. Ja, du leste riktig &#8230; papir! Og hvordan kan det s\u00e5 bli til \u00e9n av de sterkeste og mest formstabile benkeplatene overhodet? Svaret er at kompaktlaminaten er skapt ved \u00e5 presse ca. 50 lag harpiksimpregnert og gjennomfarget papir under h\u00f8yt trykk og varme. Ytterst p\u00e5 begge sider avsluttes det med et stykke dekorpapir som impregneres med melamin for \u00e5 gi platen en klar overflate. Det ferdige resultatet er sterkt, stabilt og tvers igjennom moderne.<\/p>\n<p>[\/vc_column_text][\/vc_column][vc_column width=&raquo;1\/2&#8243;][vc_single_image image=&raquo;8825&#8243; img_size=&raquo;full&raquo; alignment=&raquo;right&raquo; onclick=&raquo;link_image&raquo;][\/vc_column][\/vc_row][vc_row first_background_type=&raquo;gradient&raquo; first_background_gradient=&raquo;rgba(0,57,158,0.69)||#587d9b||0;100||84||linear&raquo; css=&raquo;.vc_custom_1534410451584{margin-top: 40px !important;}&raquo;][vc_column width=&raquo;2\/3&#8243;][vc_column_text]<\/p>\n<h4>Produktegenskaper<\/h4>\n<p>[\/vc_column_text][vc_single_image image=&raquo;9872&#8243; img_size=&raquo;large&raquo; alignment=&raquo;center&raquo; onclick=&raquo;link_image&raquo;][\/vc_column][vc_column width=&raquo;1\/3&#8243;][vc_column_text]<\/p>\n<h4>Sammenlign produkter<\/h4>\n<p>[\/vc_column_text][vc_single_image image=&raquo;29399&#8243; img_size=&raquo;medium&raquo; onclick=&raquo;link_image&raquo;][\/vc_column][\/vc_row][vc_row css=&raquo;.vc_custom_1534410410938{margin-top: 40px !important;}&raquo;][vc_column width=&raquo;1\/3&#8243;][vc_column_text]<\/p>\n<h4>Tykkelser<\/h4>\n<p>[\/vc_column_text][vc_column_text]Kompaktlaminat leveres alltid i 12\u00a0mm. Den spesielle konstruksjonen med ca. 50 lag sammenpresset papir gir til gjengjeld platen en overlegen styrke p\u00e5 niv\u00e5 med langt tykkere plater i andre materialer.<\/p>\n<p><strong>\u2022 12 mm<\/strong>[\/vc_column_text][\/vc_column][vc_column width=&raquo;1\/3&#8243;][vc_column_text]<\/p>\n<h4>Daglig bruk<\/h4>\n<p>[\/vc_column_text][vc_column_text]Kompaktlaminat er stort sett vedlikeholdsfri og dessuten s\u00e6rdeles lett \u00e5 holde ren. Det aller meste klarer du derfor med en oppvaskklut oppvridd i varmt vann. Den h\u00f8ye styrken gj\u00f8r samtidig kompaktlaminaten motstandsdyktig overfor de mange sm\u00e5 slag og st\u00f8t som f\u00f8lger med de daglige aktivitetene p\u00e5 kj\u00f8kkenet.<\/p>\n<p>Spesielt laminater med glatt overflate kan imidlertid v\u00e6re mottakelige for riper.\u00a0V\u00e6r derfor oppmerksom n\u00e5r du flytter skj\u00e6refj\u00f8ler, bestikk, sk\u00e5ler og annet p\u00e5 benken.<\/p>\n<p>Kompaktlaminaten t\u00e5ler kortvarig kontakt med gjenstander som holder opptil 110\u00b0.\u00a0Likevel anbefaler at du alltid bruker rist eller bordsk\u00e5ner.[\/vc_column_text][\/vc_column][vc_column width=&raquo;1\/3&#8243;][vc_column_text]<\/p>\n<h4>Designdetaljer<\/h4>\n<p>[\/vc_column_text][vc_column_text]Den bare 12\u00a0mm tynne platen gir kompaktlaminaten en designmessig letthet som kan understrekes ytterligere ved \u00e5 f\u00e5 platen montert \u00absvevende\u00bb p\u00e5 skapene.\u00a0Her legges en list p\u00e5 20 eller 30\u00a0mm mellom skapene og bordplaten for \u00e5 heve den fra elementene og skape den spesielle \u00absvevende\u00bb effekten. Du kan f\u00e5 satt kantlister i laminat, alu-laminat eller tre p\u00e5 listen, alt etter hvilket designmessig uttrykk du \u00f8nsker for det ferdige kj\u00f8kkenet.<\/p>\n<p>Kompaktplatene leveres faset p\u00e5 alle kanter.[\/vc_column_text][\/vc_column][\/vc_row][vc_row][vc_column][vc_separator color=&raquo;black&raquo; border_width=&raquo;2&#8243;][\/vc_column][\/vc_row][vc_row css=&raquo;.vc_custom_1534410467435{margin-top: 40px !important;}&raquo;][vc_column width=&raquo;1\/3&#8243;][vc_column_text]<\/p>\n<h4>Farger og strukturer<\/h4>\n<p>[\/vc_column_text][vc_column_text]Du kan f\u00e5 kompaktlaminat-benkeplaten i mer enn 10 forskjellige farger, b\u00e5de \u00abrene\u00bb farger og kvalitetstrykk som f\u00e5r platen til \u00e5 fremst\u00e5 som eksklusiv naturstein, f.eks. marmor og granitt.<\/p>\n<p>Hvis du \u00f8nsker en hvit benkeplate, kan du velge mellom svart og hvit kjerne (det gjennomfargede papiret mellom de ytterste stykkene dekorpapir), og dermed oppn\u00e5 to sv\u00e6rt forskjellige designmessige uttrykk p\u00e5 kanten.\u00a0Du kan ogs\u00e5 velge en hvit plate med b\u00f8lget struktur og hvit kjerne.[\/vc_column_text][vc_btn title=&raquo;SE HELE KOMPAKTLAMINAT SORTIMENTET V\u00c5RT&raquo; color=&raquo;success&raquo; link=&raquo;url:https%3A%2F%2Fwww.dfi-geisler.com%2Fkompaktlaminat-sortiment%2F|target:_blank&raquo;][\/vc_column][vc_column width=&raquo;2\/3&#8243;][vc_single_image image=&raquo;8833&#8243; img_size=&raquo;large&raquo;][\/vc_column][\/vc_row][vc_row css=&raquo;.vc_custom_1534410460189{margin-top: 40px !important;}&raquo;][vc_column width=&raquo;1\/2&#8243;][vc_column_text]<\/p>\n<h4>Vaske<\/h4>\n<p>[\/vc_column_text][vc_single_image image=&raquo;8849&#8243; img_size=&raquo;large&raquo; css=&raquo;.vc_custom_1534760416918{margin-top: 40px !important;}&raquo;][vc_btn title=&raquo;SE V\u00c5RT STORE UTVALG AV VASKER&raquo; color=&raquo;success&raquo; link=&raquo;url:https%3A%2F%2Fwww.dfi-geisler.com%2Fvaske-katalog%2F|target:_blank&raquo;][\/vc_column][vc_column width=&raquo;1\/2&#8243;][vc_column_text]<\/p>\n<h4>Montering av vask<\/h4>\n<p>[\/vc_column_text][vc_column_text]I en kompaktlaminatplate kan vasken monteres p\u00e5 fire forskjellige m\u00e5ter med hvert sitt designmessige uttrykk.[\/vc_column_text][vc_row_inner][vc_column_inner width=&raquo;1\/2&#8243;][vc_single_image image=&raquo;8841&#8243; img_size=&raquo;full&raquo; alignment=&raquo;center&raquo; style=&raquo;vc_box_border&raquo; onclick=&raquo;link_image&raquo;][vc_column_text]<\/p>\n<p style=\"text-align: center;\"><strong>Planlimt<\/strong><\/p>\n<p style=\"text-align: center;\">Vask og benkeplate er i niv\u00e5, og overgangen fuges med silikon<\/p>\n<p>[\/vc_column_text][\/vc_column_inner][vc_column_inner width=&raquo;1\/2&#8243;][vc_single_image image=&raquo;8839&#8243; img_size=&raquo;full&raquo; alignment=&raquo;center&raquo; style=&raquo;vc_box_border&raquo; onclick=&raquo;link_image&raquo;][vc_column_text]<\/p>\n<p style=\"text-align: center;\"><strong>Underfresing<\/strong><\/p>\n<p style=\"text-align: center;\">Vasken monteres ca. 2,5\u00a0mm under benkeplatens fasede overkant.<\/p>\n<p>[\/vc_column_text][\/vc_column_inner][\/vc_row_inner][vc_row_inner][vc_column_inner width=&raquo;1\/2&#8243;][vc_single_image image=&raquo;28347&#8243; img_size=&raquo;full&raquo; alignment=&raquo;center&raquo; style=&raquo;vc_box_border&raquo; onclick=&raquo;link_image&raquo;][vc_column_text]<\/p>\n<p style=\"text-align: center;\"><strong>Underlimt\/rett<\/strong><\/p>\n<p style=\"text-align: center;\">Hele benkeplatens tykkelse er synlig rundt vasken.<\/p>\n<p style=\"text-align: center;\">Synlig vaskeflange ca. 5mm<\/p>\n<p>[\/vc_column_text][\/vc_column_inner][vc_column_inner width=&raquo;1\/2&#8243;][vc_single_image image=&raquo;28349&#8243; img_size=&raquo;full&raquo; alignment=&raquo;center&raquo; style=&raquo;vc_box_border&raquo; onclick=&raquo;link_image&raquo;][vc_column_text]<\/p>\n<p style=\"text-align: center;\"><strong>Underlimt\/faset<\/strong><\/p>\n<p style=\"text-align: center;\">Platens kant er sk\u00e5ret skr\u00e5tt (faset), og vasken monteres under platens tykkelse.<\/p>\n<p style=\"text-align: center;\">Synlig vaskeflange ca. 5mm<\/p>\n<p>[\/vc_column_text][\/vc_column_inner][\/vc_row_inner][\/vc_column][\/vc_row][vc_row][vc_column][vc_separator color=&raquo;black&raquo; border_width=&raquo;2&#8243; css=&raquo;.vc_custom_1534425122723{margin-top: 40px !important;}&raquo;][\/vc_column][\/vc_row]<\/p>\n<\/div>","protected":false},"excerpt":{"rendered":"<p>[vc_row first_background_type=&raquo;gradient&raquo; first_background_gradient=&raquo;#83bae3||#a672c9||0;100||180||linear&raquo;][vc_column width=&raquo;1\/4&#8243;][vc_wp_custommenu nav_menu=&raquo;172&#8243;][\/vc_column][vc_column width=&raquo;3\/4&#8243;][vc_column_text] Kompaktlaminat [\/vc_column_text][vc_column_text css=&raquo;&raquo;] Et godt valg, hvis du gjerne vil ha et kj\u00f8kken med et lett og m\u00f8belaktig utseende. Den<\/p>\n","protected":false},"author":717,"featured_media":0,"parent":0,"menu_order":0,"comment_status":"closed","ping_status":"closed","template":"","meta":{"_monsterinsights_skip_tracking":false,"_monsterinsights_sitenote_active":false,"_monsterinsights_sitenote_note":"","_monsterinsights_sitenote_category":0,"footnotes":""},"class_list":["post-8819","page","type-page","status-publish","hentry"],"aioseo_notices":[],"_links":{"self":[{"href":"https:\/\/www.dfi-geisler.com\/NO\/wp-json\/wp\/v2\/pages\/8819","targetHints":{"allow":["GET"]}}],"collection":[{"href":"https:\/\/www.dfi-geisler.com\/NO\/wp-json\/wp\/v2\/pages"}],"about":[{"href":"https:\/\/www.dfi-geisler.com\/NO\/wp-json\/wp\/v2\/types\/page"}],"author":[{"embeddable":true,"href":"https:\/\/www.dfi-geisler.com\/NO\/wp-json\/wp\/v2\/users\/717"}],"replies":[{"embeddable":true,"href":"https:\/\/www.dfi-geisler.com\/NO\/wp-json\/wp\/v2\/comments?post=8819"}],"version-history":[{"count":44,"href":"https:\/\/www.dfi-geisler.com\/NO\/wp-json\/wp\/v2\/pages\/8819\/revisions"}],"predecessor-version":[{"id":36145,"href":"https:\/\/www.dfi-geisler.com\/NO\/wp-json\/wp\/v2\/pages\/8819\/revisions\/36145"}],"wp:attachment":[{"href":"https:\/\/www.dfi-geisler.com\/NO\/wp-json\/wp\/v2\/media?parent=8819"}],"curies":[{"name":"wp","href":"https:\/\/api.w.org\/{rel}","templated":true}]}}

<div class="wpb-content-wrapper"><p>[vc_row first_background_type=&raquo;gradient&raquo; first_background_gradient=&raquo;#83bae3||#a672c9||0;100||180||linear&raquo;][vc_column width=&raquo;1/4&#8243;][vc_wp_custommenu nav_menu=&raquo;172&#8243;][/vc_column][vc_column width=&raquo;3/4&#8243;][vc_column_text]</p>
<h2>Kompaktlaminat</h2>
<p>[/vc_column_text][vc_column_text css=&raquo;&raquo;]</p>
<h5><strong>Et godt valg</strong>, hvis du gjerne vil ha et kjøkken med et lett og møbelaktig utseende. Den 12 mm tynne platen egner seg for eksempel utrolig godt til å bli montert «svevende» over kjøkkenelementene for ytterligere å understreke et stilrent og distinkt uttrykk. Dessuten er kompaktlaminat et nærmest uforgjengelig materiale. Du vil derfor ha glede av det i riktig mange år – både å se på og bruke i ditt daglige kjøkkenliv.</h5>
<p>[/vc_column_text][/vc_column][/vc_row][vc_row][vc_column][vc_separator color=&raquo;black&raquo; border_width=&raquo;2&#8243;][/vc_column][/vc_row][vc_row css=&raquo;.vc_custom_1534410440830{margin-top: 40px !important;}&raquo;][vc_column width=&raquo;1/2&#8243;][vc_column_text]</p>
<h4>Hva er Kompaktlaminat?</h4>
<p>[/vc_column_text][vc_column_text css=&raquo;&raquo;]Kompaktlaminat er laget av papir. Ja, du leste riktig &#8230; papir! Og hvordan kan det så bli til én av de sterkeste og mest formstabile benkeplatene overhodet? Svaret er at kompaktlaminaten er skapt ved å presse ca. 50 lag harpiksimpregnert og gjennomfarget papir under høyt trykk og varme. Ytterst på begge sider avsluttes det med et stykke dekorpapir som impregneres med melamin for å gi platen en klar overflate. Det ferdige resultatet er sterkt, stabilt og tvers igjennom moderne.</p>
<p>[/vc_column_text][/vc_column][vc_column width=&raquo;1/2&#8243;][vc_single_image image=&raquo;8825&#8243; img_size=&raquo;full&raquo; alignment=&raquo;right&raquo; onclick=&raquo;link_image&raquo;][/vc_column][/vc_row][vc_row first_background_type=&raquo;gradient&raquo; first_background_gradient=&raquo;rgba(0,57,158,0.69)||#587d9b||0;100||84||linear&raquo; css=&raquo;.vc_custom_1534410451584{margin-top: 40px !important;}&raquo;][vc_column width=&raquo;2/3&#8243;][vc_column_text]</p>
<h4>Produktegenskaper</h4>
<p>[/vc_column_text][vc_single_image image=&raquo;9872&#8243; img_size=&raquo;large&raquo; alignment=&raquo;center&raquo; onclick=&raquo;link_image&raquo;][/vc_column][vc_column width=&raquo;1/3&#8243;][vc_column_text]</p>
<h4>Sammenlign produkter</h4>
<p>[/vc_column_text][vc_single_image image=&raquo;29399&#8243; img_size=&raquo;medium&raquo; onclick=&raquo;link_image&raquo;][/vc_column][/vc_row][vc_row css=&raquo;.vc_custom_1534410410938{margin-top: 40px !important;}&raquo;][vc_column width=&raquo;1/3&#8243;][vc_column_text]</p>
<h4>Tykkelser</h4>
<p>[/vc_column_text][vc_column_text]Kompaktlaminat leveres alltid i 12 mm. Den spesielle konstruksjonen med ca. 50 lag sammenpresset papir gir til gjengjeld platen en overlegen styrke på nivå med langt tykkere plater i andre materialer.</p>
<p><strong>• 12 mm</strong>[/vc_column_text][/vc_column][vc_column width=&raquo;1/3&#8243;][vc_column_text]</p>
<h4>Daglig bruk</h4>
<p>[/vc_column_text][vc_column_text]Kompaktlaminat er stort sett vedlikeholdsfri og dessuten særdeles lett å holde ren. Det aller meste klarer du derfor med en oppvaskklut oppvridd i varmt vann. Den høye styrken gjør samtidig kompaktlaminaten motstandsdyktig overfor de mange små slag og støt som følger med de daglige aktivitetene på kjøkkenet.</p>
<p>Spesielt laminater med glatt overflate kan imidlertid være mottakelige for riper. Vær derfor oppmerksom når du flytter skjærefjøler, bestikk, skåler og annet på benken.</p>
<p>Kompaktlaminaten tåler kortvarig kontakt med gjenstander som holder opptil 110°. Likevel anbefaler at du alltid bruker rist eller bordskåner.[/vc_column_text][/vc_column][vc_column width=&raquo;1/3&#8243;][vc_column_text]</p>
<h4>Designdetaljer</h4>
<p>[/vc_column_text][vc_column_text]Den bare 12 mm tynne platen gir kompaktlaminaten en designmessig letthet som kan understrekes ytterligere ved å få platen montert «svevende» på skapene. Her legges en list på 20 eller 30 mm mellom skapene og bordplaten for å heve den fra elementene og skape den spesielle «svevende» effekten. Du kan få satt kantlister i laminat, alu-laminat eller tre på listen, alt etter hvilket designmessig uttrykk du ønsker for det ferdige kjøkkenet.</p>
<p>Kompaktplatene leveres faset på alle kanter.[/vc_column_text][/vc_column][/vc_row][vc_row][vc_column][vc_separator color=&raquo;black&raquo; border_width=&raquo;2&#8243;][/vc_column][/vc_row][vc_row css=&raquo;.vc_custom_1534410467435{margin-top: 40px !important;}&raquo;][vc_column width=&raquo;1/3&#8243;][vc_column_text]</p>
<h4>Farger og strukturer</h4>
<p>[/vc_column_text][vc_column_text]Du kan få kompaktlaminat-benkeplaten i mer enn 10 forskjellige farger, både «rene» farger og kvalitetstrykk som får platen til å fremstå som eksklusiv naturstein, f.eks. marmor og granitt.</p>
<p>Hvis du ønsker en hvit benkeplate, kan du velge mellom svart og hvit kjerne (det gjennomfargede papiret mellom de ytterste stykkene dekorpapir), og dermed oppnå to svært forskjellige designmessige uttrykk på kanten. Du kan også velge en hvit plate med bølget struktur og hvit kjerne.[/vc_column_text][vc_btn title=&raquo;SE HELE KOMPAKTLAMINAT SORTIMENTET VÅRT&raquo; color=&raquo;success&raquo; link=&raquo;url:https%3A%2F%2Fwww.dfi-geisler.com%2Fkompaktlaminat-sortiment%2F|target:_blank&raquo;][/vc_column][vc_column width=&raquo;2/3&#8243;][vc_single_image image=&raquo;8833&#8243; img_size=&raquo;large&raquo;][/vc_column][/vc_row][vc_row css=&raquo;.vc_custom_1534410460189{margin-top: 40px !important;}&raquo;][vc_column width=&raquo;1/2&#8243;][vc_column_text]</p>
<h4>Vaske</h4>
<p>[/vc_column_text][vc_single_image image=&raquo;8849&#8243; img_size=&raquo;large&raquo; css=&raquo;.vc_custom_1534760416918{margin-top: 40px !important;}&raquo;][vc_btn title=&raquo;SE VÅRT STORE UTVALG AV VASKER&raquo; color=&raquo;success&raquo; link=&raquo;url:https%3A%2F%2Fwww.dfi-geisler.com%2Fvaske-katalog%2F|target:_blank&raquo;][/vc_column][vc_column width=&raquo;1/2&#8243;][vc_column_text]</p>
<h4>Montering av vask</h4>
<p>[/vc_column_text][vc_column_text]I en kompaktlaminatplate kan vasken monteres på fire forskjellige måter med hvert sitt designmessige uttrykk.[/vc_column_text][vc_row_inner][vc_column_inner width=&raquo;1/2&#8243;][vc_single_image image=&raquo;8841&#8243; img_size=&raquo;full&raquo; alignment=&raquo;center&raquo; style=&raquo;vc_box_border&raquo; onclick=&raquo;link_image&raquo;][vc_column_text]</p>
<p style="text-align: center;"><strong>Planlimt</strong></p>
<p style="text-align: center;">Vask og benkeplate er i nivå, og overgangen fuges med silikon</p>
<p>[/vc_column_text][/vc_column_inner][vc_column_inner width=&raquo;1/2&#8243;][vc_single_image image=&raquo;8839&#8243; img_size=&raquo;full&raquo; alignment=&raquo;center&raquo; style=&raquo;vc_box_border&raquo; onclick=&raquo;link_image&raquo;][vc_column_text]</p>
<p style="text-align: center;"><strong>Underfresing</strong></p>
<p style="text-align: center;">Vasken monteres ca. 2,5 mm under benkeplatens fasede overkant.</p>
<p>[/vc_column_text][/vc_column_inner][/vc_row_inner][vc_row_inner][vc_column_inner width=&raquo;1/2&#8243;][vc_single_image image=&raquo;28347&#8243; img_size=&raquo;full&raquo; alignment=&raquo;center&raquo; style=&raquo;vc_box_border&raquo; onclick=&raquo;link_image&raquo;][vc_column_text]</p>
<p style="text-align: center;"><strong>Underlimt/rett</strong></p>
<p style="text-align: center;">Hele benkeplatens tykkelse er synlig rundt vasken.</p>
<p style="text-align: center;">Synlig vaskeflange ca. 5mm</p>
<p>[/vc_column_text][/vc_column_inner][vc_column_inner width=&raquo;1/2&#8243;][vc_single_image image=&raquo;28349&#8243; img_size=&raquo;full&raquo; alignment=&raquo;center&raquo; style=&raquo;vc_box_border&raquo; onclick=&raquo;link_image&raquo;][vc_column_text]</p>
<p style="text-align: center;"><strong>Underlimt/faset</strong></p>
<p style="text-align: center;">Platens kant er skåret skrått (faset), og vasken monteres under platens tykkelse.</p>
<p style="text-align: center;">Synlig vaskeflange ca. 5mm</p>
<p>[/vc_column_text][/vc_column_inner][/vc_row_inner][/vc_column][/vc_row][vc_row][vc_column][vc_separator color=&raquo;black&raquo; border_width=&raquo;2&#8243; css=&raquo;.vc_custom_1534425122723{margin-top: 40px !important;}&raquo;][/vc_column][/vc_row]</p>
</div>

<p>[vc_row first_background_type=&raquo;gradient&raquo; first_background_gradient=&raquo;#83bae3||#a672c9||0;100||180||linear&raquo;][vc_column width=&raquo;1/4&#8243;][vc_wp_custommenu nav_menu=&raquo;172&#8243;][/vc_column][vc_column width=&raquo;3/4&#8243;][vc_column_text] Kompaktlaminat [/vc_column_text][vc_column_text css=&raquo;&raquo;] Et godt valg, hvis du gjerne vil ha et kjøkken med et lett og møbelaktig utseende. Den</p>
